rs of (2*(-30)/25)/((-9)/60)?
2
Suppose -3*h + 25 = p - 96, 0 = -3*p + 4*h + 324. Let d = p + -68. List the prime factors of d.
2, 11
Let q(m) = -56*m. Let s(w) = w. Let r(g) = -q(g) - 28*s(g). Let j be r(2). Suppose 5*b = -j + 176. List the prime factors of b.
2, 3
Suppose -23*g + 31*g = 7296. List the prime factors of g.
2, 3, 19
Let f = 141 - -3. Let l = 299 - f. List the prime factors of l.
5, 31
Let l = 13 + 12. What are the prime factors of (l - (0 + -2))*2?
2, 3
Let c = 1048 - 51. What are the prime factors of c?
997
Let v = 269 - 13. What are the prime factors of v?
2
Let p(v) = 4*v**2 + 15*v + 14. What are the prime factors of p(-7)?
3, 5, 7
Let w be 1 - ((-12)/(-3))/(-1). Suppose 2*c = 2*p - 4, 0 = 4*c + w*p - 1. What are the prime factors of 16*((-14)/(-4) + c)?
2, 5
Suppose 1458 = 7*v - 922. List the prime factors of v.
2, 5, 17
Let b(y) = -1060*y + 131. What are the prime factors of b(-3)?
7, 11, 43
Let q = 88 - -71. Suppose 2*a = -a + q. Let w = a - 30. List the prime factors of w.
23
Suppose 2*a = -3*a + 5. Let n be (a - -3)*(-3)/4. What are the prime factors of (-7)/((-14)/(-20))*n?
2, 3, 5
Let y be (9/(-6))/(3/(-8)). Suppose y*a - 78 = -2*u, 0*a + 156 = 4*u - 3*a. Suppose 4*q - u = q. List the prime factors of q.
13
Let s = 20 + -16. Suppose 5*p - 38 = 2*z + 62, -s*z = 4*p - 108. What are the prime factors of p?
2, 11
What are the prime factors of (-12 - -6)*(-1324)/6?
2, 331
Let l(q) = -9*q + 349. List the prime factors of l(-22).
547
Suppose 0 = -2*p + 2*f + 36, 3*f + 40 = 2*p - 0*f. What are the prime factors of p?
2, 7
Let f be (0 + 6)/(-4*(-3)/2106). Suppose -10 = 7*b - f. List the prime factors of b.
149
Let r = -2693 - -5157. What are the prime factors of r?
2, 7, 11
Let l = 1608 + -995. What are the prime factors of l?
613
Suppose -2*g - 118 = -2*l, 0*g = -l - 3*g + 43. Let o = l - 22. What are the prime factors of o?
3, 11
Let v(b) = -295*b - 23. Let y(z) = -98*z - 8. Let w(h) = 6*v(h) - 17*y(h). What are the prime factors of w(-1)?
2, 3, 17
Let p = -22 + 103. Let k = 127 - p. List the prime factors of k.
2, 23
Suppose -6*y + y - 30 = 3*p, -y - 3*p = 18. Let q be 2*1 + (3 + -3)/(-6). What are the prime factors of q + 4 + y + 4?
7
Let t be (1 + -187)/((-3)/6*4). Let n = t - 54. What are the prime factors of n?
3, 13
Suppose d - 332 = 2*b, -14*b + 12*b - 1322 = -4*d. List the prime factors of d.
2, 3, 5, 11
Suppose c = 5*v + 3*c - 1465, 0 = -4*v - 3*c + 1172. Let k = -199 + v. List the prime factors of k.
2, 47
Suppose 4*y - 5*r = 5802, y + 3*r - 2912 = -y. What are the prime factors of y?
1453
Suppose -5*f + 1168 = -a, 5*a + 8 = -7. Let n = f - 155. What are the prime factors of n?
2, 3, 13
Let s(z) = -16*z - 38. Let v be s(13). Let f = v + 418. List the prime factors of f.
2, 43
Let a(z) = -z - 2. Let n be a(6). Let x = 8 + n. What are the prime factors of (-2 - x)*(-39)/6?
13
Suppose m + 1677 = 2*d, -d + 544 = 3*m - 277. What are the prime factors of d?
2, 11, 19
Let w(h) = -3*h**2 - 4*h. Let q be w(-3). Let j = 37 + q. What are the prime factors of j?
2, 11
What are the prime factors of 15824/10 + 735/(-525)?
3, 17, 31
Let n = 10 + -8. Suppose -6 + n = 2*x. Let f(t) = -3*t**3 + 3*t + 2. What are the prime factors of f(x)?
2, 5
Let o(n) = -19*n - 41. Let j be (-195)/25 + 18/(-15) + 1. What are the prime factors of o(j)?
3, 37
Let c(r) be the second derivative of -2*r**3 - 9*r**2/2 - 2*r. Let a be c(-4). Suppose 2*v - 7*v + 2*i + 163 = 0, a = v - 2*i. List the prime factors of v.
31
Suppose 5*j - 5*x + 290 = -1375, -3*j + 5*x - 989 = 0. Let l = -230 - j. What are the prime factors of l?
2, 3
Suppose 3*c + 2593 - 355 = 3*f, -3*f + 2256 = 3*c. List the prime factors of f.
7, 107
Suppose 2*t - 6 = 0, -4*k - t = -6*t - 177. Let n = k - -32. Suppose m + 6*s + 8 = s, s - n = -5*m. List the prime factors of m.
17
Suppose 3*o + 3*a - 1845 = 0, -3*o + 1494 = 2*a - 354. List the prime factors of o.
2, 3, 103
Let a be 4 + 933/((-2)/(-4) + -2). List the prime factors of (-2)/(-5) - (a/5)/6.
3, 7
Let v(z) = 2*z**2 - 3*z - 4. Let d be v(3). Let s = 13 - d. Let r = s - -2. What are the prime factors of r?
2, 5
Let w(d) = 4*d**3 - d**2. Let a be w(1). Suppose -12 = -7*s + a*s. List the prime factors of 7 - (s + 16/(-4)).
2
Suppose y = 4*g - y + 90, 0 = 3*g - 2*y + 69. Let a be ((-40)/(-14))/((-6)/g). Suppose -10 = -2*v + a. List the prime factors of v.
2, 5
Suppose -n - 1 = -6. Suppose n*g = 4*d - 3 + 34, 5*g = -4*d - 1. Suppose g*h - 24 = x - 6*x, 6 = 4*h - 2*x. List the prime factors of h.
3
Let w = 1379 - 911. What are the prime factors of w?
2, 3, 13
Let w(a) = a**2 - 13*a - 9. Let u(f) = 3*f - 13. Let c be u(9). Let z be w(c). Suppose 190 = -z*j + 10*j. What are the prime factors of j?
2, 19
Suppose 0 = -3*n - 8 + 17. Let w be -9 + 3 + n + 5. What are the prime factors of -1 - 20/(w + -3)?
19
What are the prime factors of 22512/67 - (9 - 0)?
3, 109
Suppose 0 = 5*v - 2*q - 2 + 4, -3*v + 6 = -3*q. Let w = 1479 - 759. List the prime factors of (w/84)/(v/(-14)).
2, 3, 5
Suppose 5*f = -2*g + 2468, -5*f - 6100 = 5*g - 10*g. What are the prime factors of g?
2, 3, 17
Let a(x) be the first derivative of 7*x**3 - 2*x**2 + 5*x + 2. What are the prime factors of a(2)?
3
Let o = -1807 - -3101. What are the prime factors of o?
2, 647
Let m = -191 - -667. List the prime factors of m.
2, 7, 17
Let k(v) = 177*v + 175. List the prime factors of k(13).
2, 619
List the prime factors of 4/(-22) + (-178)/33*-102.
2, 5, 11
Suppose 2*p = 10, p + 2568 = 2*r + 3*p. What are the prime factors of r?
1279
Let y(d) = 97*d + 2. Let q be y(4). Suppose -w = -4*b - 2*w + q, -2*b + w + 192 = 0. What are the prime factors of b?
97
Suppose 0 = 11*z - 26 - 2449. What are the prime factors of z?
3, 5
Suppose 764 = -12*h + 28592. What are the prime factors of h?
3, 773
Suppose 0 = -2*k + 318 - 12. Let i = 281 - k. What are the prime factors of i?
2
Suppose -c = -3*u + 74, -6*c + 11*c = -5*u + 90. Let f = -19 + u. Suppose -43 = f*d - 3*a - 154, -d = 5*a + 1. What are the prime factors of d?
2, 3
Let d(u) = u**3 - u**2 + u - 1. Let y be d(1). Suppose 108 = -y*m + 3*m. What are the prime factors of m?
2, 3
Suppose -2*x = 4*q + 44, -30 = 5*q - 2*x + 25. Let y(v) = v**2 + 0*v**2 + 0 - 6 - 8*v + 15*v. List the prime factors of y(q).
2, 19
What are the prime factors of ((-47)/(-3))/(6/162)?
3, 47
Suppose -3*q + 430 + 257 = 0. List the prime factors of q.
229
Let h(z) = 7*z**2 - 2*z - 8. Suppose 16*r + 20 = 12*r. List the prime factors of h(r).
3, 59
Let n(i) = -i + 9. Let z be n(-7). Let o be 35 + -1 + 1 + -2. Let b = o + z. What are the prime factors of b?
7
Suppose 4*n + 76 + 96 = 0. Let t = -2 - n. List the prime factors of 12/(-4) + t + 2.
2, 5
Let u(w) = 3*w + 5. Suppose -4*b = -2*v + 24, -2*b + 0*v - v = 20. Let h be (-18)/b*1*4. What are the prime factors of u(h)?
2
What are the prime factors of -2 + -2 - ((-993)/3 + -4)?
331
Suppose 32*s = 36*s. Suppose 4*w - 750 - 406 = s. What are the prime factors of w?
17
Let p(k) = 2*k**2 - 5*k - 39. List the prime factors of p(17).
2, 227
What are the prime factors of 22/5 + -4 + 744/15?
2, 5
Let m(h) = h**3 + 16*h**2 + 21*h + 34. What are the prime factors of m(-14)?
2, 3, 11
Suppose -8*i = -16*i + 240. Suppose -2*h + n = 5*n + 8, 0 = -2*h - 2*n - 12. Let k = h + i. What are the prime factors of k?
2, 11
Suppose -4*i + 713 + 711 = 0. List the prime factors of i.
2, 89
Let w = 123 + -127. What are the prime factors of (-1 - -5 - -212) + w?
2, 53
Let h be 1*(-3)/((-6)/68). Let j be (-3 - -4)*(-16)/4. Let p = h - j. What are the prime factors of p?
2, 19
Let g = -42 + 44. Suppose g*r - 1638 = -5*q, 0 = q - 3*q + 3*r + 640. List the prime factors of q.
2, 163
Let x = -3 + 9. Suppose -3*d + k - 45 = x*k, 5*d + 88 = -4*k. Let i = d - -40. What are the prime factors of i?
2, 5
Let f(l) be the first derivative of 13*l**3/3 - l**2 + 2*l - 7. List the prime factors of f(2).
2, 5
Let p be -1*(3 + 0) - -17. Let x be 36/p*(-56)/(-6). Let s = 81 - x. List the prime factors of s.
3, 19
Let i = 77 - -105. What are the prime factors of i?
2, 7, 13
Let l(r) be the first derivative of r**4/4 - 5*r**3/3 - r**2/2 + 8*r - 1. Let p be l(5). Suppose -259 = -p*i - 97. What are the prime factors of i?
2, 3
Let i(v) = v**3 + 12*v**2 + 14*v - 10. Le